26491 composite?
False
Is 3359185 a prime number?
False
Is 134226229 a prime number?
False
Is 708889481 a prime number?
True
Is 112321709 composite?
False
Is 37385 composite?
True
Is 2813999 a prime number?
False
Is 1822109 a prime number?
True
Is 28088507 composite?
False
Is 13192871 composite?
False
Is 5317841 composite?
False
Is 76636927 a prime number?
True
Is 97650361 a prime number?
False
Is 232633 a composite number?
False
Is 5889989 a composite number?
True
Is 681917 composite?
True
Is 55258145 a prime number?
False
Is 5782487 prime?
False
Is 2509971 a composite number?
True
Is 16089077 a prime number?
True
Is 3565957 composite?
True
Is 3113551 a composite number?
True
Is 77923913 composite?
False
Is 5199221 a prime number?
True
Is 28681319 composite?
True
Is 193571 a prime number?
False
Is 1337023 prime?
True
Is 294840661 a composite number?
True
Is 192060991 a prime number?
True
Is 11298107 a prime number?
True
Is 33147107 a prime number?
False
Is 34150559 a composite number?
False
Is 275710263 a prime number?
False
Is 9499519 a composite number?
False
Is 1289731 a composite number?
False
Is 44652997 a composite number?
False
Is 80120338 prime?
False
Is 61640083 composite?
False
Is 41440627 composite?
True
Is 110244781 a composite number?
False
Is 241137713 a composite number?
True
Is 68247413 composite?
True
Is 399289 composite?
True
Is 3017659 a prime number?
False
Is 7379117 composite?
False
Is 34868063 a prime number?
False
Is 72520799 a composite number?
True
Is 10811617 a composite number?
False
Is 2951749 composite?
True
Is 163514906 prime?
False
Is 56106221 a composite number?
True
Is 29792579 composite?
False
Is 9197003 prime?
True
Is 4586297 a composite number?
False
Is 19554271 a prime number?
False
Is 44971559 prime?
True
Is 38963797 a composite number?
False
Is 1516483 prime?
True
Is 7667593 composite?
True
Is 8654357 prime?
True
Is 392832633 composite?
True
Is 11719823 composite?
False
Is 4189631 composite?
False
Is 877741 prime?
False
Is 482413 a composite number?
False
Is 2397809 a composite number?
True
Is 9326015 a prime number?
False
Is 27850969 a prime number?
True
Is 268779857 a prime number?
True
Is 9105611 composite?
False
Is 19519547 composite?
True
Is 122328097 prime?
False
Is 1976081 prime?
True
Is 463156747 composite?
False
Is 28248479 a prime number?
False
Is 86160821 a prime number?
True
Is 2349827 a composite number?
True
Is 12299621 composite?
False
Is 711118397 a prime number?
False
Is 4195999 a composite number?
False
Is 9276181 a composite number?
False
Is 4620101 prime?
True
Is 6047467 composite?
True
Is 10014917 a prime number?
False
Is 31591649 prime?
True
Is 98720917 a prime number?
True
Is 667987 composite?
False
Is 755957 composite?
True
Is 181372657 composite?
False
Is 13274411 composite?
False
Is 3877189 composite?
False
Is 546731309 a prime number?
True
Is 36875041 composite?
True
Is 1051041 composite?
True
Is 6203687 prime?
False
Is 2699009 a composite number?
False
Is 14686207 prime?
False
Is 8834633 a composite number?
True
Is 100579 a prime number?
False
Is 4686247 a composite number?
False
Is 325430093 a prime number?
True
Is 47231917 a prime number?
False
Is 10305571 a composite number?
True
Is 161073851 a prime number?
True
Is 160298227 prime?
True
Is 5372411 prime?
False
Is 435779821 a prime number?
False
Is 310695367 prime?
True
Is 10043179 a prime number?
False
Is 6845834 a composite number?
True
Is 44268415 composite?
True
Is 29344883 a prime number?
False
Is 392681 prime?
False
Is 44359534 a prime number?
False
Is 40771 a composite number?
False
Is 100307803 a prime number?
False
Is 10337711 a prime number?
True
Is 43815017 a prime number?
True
Is 215621 a composite number?
True
Is 21959137 prime?
False
Is 549392143 a prime number?
True
Is 523770307 composite?
False
Is 122048131 prime?
True
Is 18841357 composite?
False
Is 4803871 prime?
True
Is 15726701 a prime number?
True
Is 3612291 a prime number?
False
Is 13918351 prime?
True
Is 136636223 composite?
False
Is 122299 prime?
True
Is 2415293 prime?
True
Is 36473191 prime?
False
Is 114169969 composite?
False
Is 2392321 a composite number?
True
Is 60689357 a composite number?
False
Is 245401379 a composite number?
False
Is 190399457 a prime number?
False
Is 3426937 prime?
True
Is 599080061 a composite number?
True
Is 4291753 a composite number?
True
Is 41873573 composite?
True
Is 173754683 a composite number?
False
Is 32209937 a composite number?
False
Is 45243679 composite?
True
Is 11316727 prime?
True
Is 65760469 a prime number?
False
Is 484803007 prime?
False
Is 166863233 a prime number?
False
Is 5533426 a composite number?
True
Is 9564749 a composite number?
False
Is 702159069 composite?
True
Is 141947459 prime?
True
Is 418761965 prime?
False
Is 44740229 composite?
True
Is 1982041 a prime number?
False
Is 348243551 a prime number?
True
Is 4663707 a prime number?
False
Is 21675323 a composite number?
True
Is 387047 prime?
True
Is 385571519 composite?
False
Is 496297009 a composite number?
True
Is 8436671 prime?
True
Is 43055499 a prime number?
False
Is 122012987 composite?
True
Is 195117997 a prime number?
False
Is 632411 a composite number?
True
Is 113551 prime?
False
Is 15727211 prime?
True
Is 74368843 prime?
False
Is 1702009 composite?
False
Is 80607529 composite?
True
Is 166209805 prime?
False
Is 1891129 composite?
True
Is 5072255 composite?
True
Is 279739 prime?
False
Is 6035933 a prime number?
True
Is 1369073 composite?
True
Is 102826501 a prime number?
False
Is 489389 prime?
True
Is 3614369 a composite number?
True
Is 1117877 prime?
True
Is 128640599 a composite number?
False
Is 148881287 a composite number?
False
Is 2819137 composite?
False
Is 137122373 composite?
True
Is 149790209 a prime number?
True
Is 2758879 a prime number?
False
Is 138772663 composite?
True
Is 5850706 a composite number?
True
Is 237259 prime?
False
Is 29051455 prime?
False
Is 186750233 composite?
True
Is 11204707 composite?
True
Is 8619773 prime?
True
Is 1236656911 prime?
False
Is 4752677 composite?
False
Is 6505041 composite?
True
Is 343991 prime?
False
Is 54757013 a prime number?
False
Is 4257863 composite?
True
Is 124909741 a prime number?
False
Is 16346035 prime?
False
Is 21800815 prime?
False
Is 10542829 a composite number?
True
Is 69033539 a prime number?
False
Is 65973 composite?
True
Is 691177 composite?
True
Is 13076749 prime?
False
Is 3914993 prime?
False
Is 225971 a composite number?
True
Is 17253523 a composite number?
True
Is 13624921 prime?
False
Is 6986627 prime?
True
Is 6437773 composite?
False
Is 20678149 a composite number?
False
Is 7449217 composite?
True
Is 98619419 prime?
True
Is 196402147 a prime number?
True
Is 21789653 composite?
False
Is 190079077 composite?
False
Is 2343449 prime?
True
Is 393059 a composite number?
False
Is 12631831 a prime number?
True
Is 34722221 a composite number?
True
Is 5585561 a prime number?
True
Is 4050713 a composite number?
True
Is 59366819 a prime number?
True
Is 8417251 a composite number?
True
Is 76782479 a prime number?
False
Is 5042654 a prime number?
False
Is 16585399 a prime number?
True
Is 25899859 a prime number?
False
Is 29948501 composite?
True
Is 2361563 prime?
True
Is 526942379 prime?
True
Is 3661079 composite?
True
Is 43179397 a composite number?
True
Is 1231171 a composite number?
False
Is 324839 a prime number?
True
Is 98207 prime?
True
Is 61300501 composite?
False
Is 2409667 prime?
False
Is 1839367 a prime number?
False
Is 18340359 a prime number?
False
Is 35180843 a composite number?
False
Is 1011553 composite?
False
Is 106953653 a composite number?
True
Is 2256571 composite?
False
Is 1715353 a prime number?
True
Is 15549109 a prime number?
True
Is 9895159 composite?
False
Is 8033657 composite?
False
Is 4250149 composite?
False
Is 17061461 prime?
True
Is 41916421 composite?
False
Is 39790473 a prime number?
False
Is 49877459 prime?
True
Is 567898949 prime?
False
Is 26418013 a prime number?
True
Is 5094029 a composite number?
False
Is 817039 a prime number?
True
Is 1437143 composite?
True
Is 105384223 a prime number?
False
Is 16576727 a composite number?
False
Is 851438821 composite?
False
Is 72024949 a prime number?
False
Is 103189861 a prime number?
False
Is 234129806 a p